greatest common divisor of 140 and 38605.
35
What is the greatest common divisor of 340236 and 78?
78
Calculate the highest common divisor of 1183 and 90246.
169
What is the greatest common factor of 39 and 199797?
39
What is the highest common divisor of 5748 and 2050120?
1916
Calculate the highest common factor of 4260 and 64752.
852
Calculate the greatest common factor of 74 and 12398.
2
Calculate the greatest common factor of 58126 and 1.
1
What is the greatest common factor of 4 and 1197?
1
What is the greatest common factor of 15794 and 106?
106
What is the highest common factor of 2223 and 2952?
9
Calculate the highest common divisor of 79596 and 72.
36
Calculate the highest common divisor of 106 and 22366.
106
What is the greatest common factor of 8204 and 189?
7
What is the highest common factor of 189168 and 1218?
42
What is the greatest common factor of 16 and 3633440?
16
What is the highest common factor of 118206 and 22?
22
What is the greatest common divisor of 140 and 1099035?
35
What is the greatest common factor of 14052 and 84?
12
What is the highest common divisor of 8152 and 64?
8
Calculate the greatest common divisor of 639 and 7542969.
213
What is the greatest common divisor of 78 and 2693106?
78
What is the highest common factor of 8343 and 559908?
927
What is the highest common factor of 73230 and 1590?
30
What is the greatest common divisor of 854 and 97783?
427
What is the highest common divisor of 182 and 18668?
26
Calculate the highest common factor of 705640 and 1196.
1196
What is the highest common factor of 6746140 and 760?
380
Calculate the highest common factor of 143 and 352.
11
Calculate the greatest common divisor of 353 and 1997980.
353
What is the highest common factor of 17154 and 324?
18
What is the greatest common factor of 3592 and 6?
2
Calculate the highest common factor of 653 and 5.
1
What is the highest common factor of 5863 and 1066?
533
What is the greatest common factor of 25332 and 60?
12
What is the highest common factor of 1787016 and 2464?
616
Calculate the greatest common factor of 1008 and 4244688.
1008
What is the highest common factor of 53315 and 185?
5
Calculate the highest common factor of 46948 and 8.
4
Calculate the highest common factor of 451617 and 1682.
841
What is the highest common divisor of 97857 and 524?
131
What is the greatest common divisor of 73476 and 396?
36
Calculate the greatest common divisor of 12755 and 185.
5
What is the highest common divisor of 105560 and 406?
406
What is the greatest common divisor of 81550 and 280?
70
Calculate the greatest common divisor of 608 and 12352.
32
What is the highest common divisor of 6674 and 144525?
47
What is the greatest common factor of 600288 and 192?
96
What is the highest common factor of 926758 and 8904?
742
What is the greatest common divisor of 54 and 94194?
18
What is the highest common factor of 960 and 27600?
240
What is the highest common divisor of 477 and 3057570?
477
What is the highest common factor of 166585 and 5?
5
Calculate the highest common factor of 260 and 642395.
65
Calculate the highest common factor of 43328 and 192.
64
What is the highest common factor of 41 and 2895707?
41
Calculate the highest common divisor of 277005 and 8451.
939
What is the greatest common divisor of 1023104 and 128?
128
What is the greatest common divisor of 12749 and 38?
19
Calculate the greatest common divisor of 1056 and 1947.
33
Calculate the highest common factor of 107651 and 83.
83
Calculate the greatest common factor of 5691 and 273.
21
What is the greatest common factor of 5040 and 2448?
144
Calculate the highest common divisor of 1341 and 442679.
149
Calculate the greatest common factor of 45357 and 52.
13
What is the highest common divisor of 3096 and 13760?
344
What is the highest common factor of 172656 and 7326?
198
Calculate the greatest common factor of 118038 and 48204.
618
Calculate the greatest common factor of 1634496 and 384.
192
Calculate the greatest common divisor of 24747 and 1752.
219
Calculate the highest common factor of 48860 and 220.
20
What is the highest common divisor of 8987 and 3827?
43
What is the greatest common divisor of 2439 and 66321?
9
What is the highest common divisor of 33 and 6094?
11
What is the greatest common divisor of 416875 and 5336?
667
Calculate the highest common factor of 832 and 2210.
26
Calculate the greatest common divisor of 6447 and 15.
3
What is the greatest common divisor of 70542 and 192?
6
What is the greatest common divisor of 10528 and 37856?
224
What is the highest common factor of 7469 and 142299?
97
What is the greatest common divisor of 56791 and 976?
61
What is the highest common divisor of 27982 and 51026?
1646
Calculate the greatest common factor of 5028 and 36.
12
What is the highest common divisor of 78680 and 90?
10
Calculate the highest common divisor of 4466 and 3625.
29
Calculate the highest common divisor of 1353 and 5482356.
1353
Calculate the greatest common divisor of 467488 and 224.
224
Calculate the highest common factor of 10340 and 88.
44
What is the greatest common factor of 49601 and 257?
257
What is the greatest common factor of 228 and 3033?
3
What is the greatest common factor of 1302 and 9681?
21
Calculate the highest common factor of 10 and 1257890.
10
Calculate the highest common divisor of 5004 and 155958.
834
What is the highest common factor of 906 and 31106?
302
What is the greatest common factor of 31284 and 129481?
869
What is the greatest common factor of 72 and 10188?
36
Calculate the highest common factor of 49761 and 988.
19
Calculate the highest common divisor of 675 and 30300.
75
What is the greatest common factor of 671030 and 10?
10
What is the highest common divisor of 690256 and 112?
112
What is the greatest common factor of 33652 and 3196?
188
What is the highest common divisor of 1026 and 7828?
38
What is the greatest common divisor of 1972 and 8262?
34
What is the highest common factor of 4 and 1720?
4
What is the highest common divisor of 26 and 57746?
26
Calculate the greatest common divisor of 7232 and 2147.
113
Calculate the highest common factor of 19485 and 394896.
1299
What is the highest common factor of 34 and 1503548?
34
Calculate the highest common divisor of 77440 and 990.
110
Calculate the highest common divisor of 28 and 29442.
14
What is the greatest common factor of 182778 and 246?
246
Calculate the highest common factor of 13534 and 21842.
134
What is the highest common factor of 79900 and 19550?
850
What is the greatest common divisor of 314381 and 221?
17
Calculate the highest common divisor of 16 and 77144.
8
Calculate the greatest common divisor of 7029 and 2475.
99
Calculate the greatest common divisor of 122482 and 376.
94
What is the greatest common factor of 1365 and 36270?
195
What is the highest common factor of 22 and 11689414?
22
What is the highest common divisor of 1178 and 46128?
62
What is the greatest common factor of 233 and 227641?
233
Calculate the greatest common factor of 315 and 882000.
315
Calculate the highest common divisor of 181477 and 173.
173
Calculate the greatest common factor of 1 and 408385.
1
What is the highest common factor of 22012 and 34?
2
Calculate the highest common factor of 714 and 2688.
42
What is the highest common divisor of 23275 and 57?
19
What is the greatest common divisor of 331 and 80102?
331
What is the greatest common divisor of 4970190 and 60?
30
Calculate the highest common divisor of 474105 and 30.
15
What is the greatest common divisor of 4751568 and 272?
272
What is the greatest common factor of 14288 and 57?
19
Calculate the greatest common factor of 18668 and 52.
52
What is the greatest common divisor of 70 and 105805?
35
What is the greatest common divisor of 4230 and 3059700?
1410
Calculate the highest common divisor of 490974 and 2322.
258
Calculate the highest common divisor of 2148 and 18.
6
What is the highest common factor of 68 and 1184458?
34
Calculate the highest common factor of 65811 and 3.
3
Calculate the highest common factor of 9630 and 810.
90
What is the greatest common factor of 449424 and 432?
144
Calculate the greatest common divisor of 21452 and 14756.
124
What is the highest common divisor of 250398 and 270?
5